d thousands digit of 448665?
4
What is the hundred thousands digit of 937755?
9
What is the hundred thousands digit of 7409735?
4
What is the ten thousands digit of 16741358?
4
What is the units digit of 65139?
9
What is the units digit of 10284853?
3
What is the units digit of 185576?
6
What is the thousands digit of 1138378?
8
What is the millions digit of 11082327?
1
What is the millions digit of 20198060?
0
What is the tens digit of 211520?
2
What is the hundreds digit of 29886362?
3
What is the tens digit of 2814299?
9
What is the hundreds digit of 727790?
7
What is the hundreds digit of 8189266?
2
What is the tens digit of 33549180?
8
What is the hundred thousands digit of 1281741?
2
What is the ten thousands digit of 205082?
0
What is the hundred thousands digit of 6842055?
8
What is the thousands digit of 363355?
3
What is the thousands digit of 16225299?
5
What is the units digit of 291705?
5
What is the tens digit of 143715?
1
What is the tens digit of 8771504?
0
What is the tens digit of 4754110?
1
What is the hundreds digit of 1131272?
2
What is the thousands digit of 26878932?
8
What is the thousands digit of 341855?
1
What is the hundreds digit of 90156?
1
What is the hundred thousands digit of 175329?
1
What is the millions digit of 16834078?
6
What is the units digit of 31551?
1
What is the units digit of 3848280?
0
What is the hundred thousands digit of 365915?
3
What is the hundred thousands digit of 5843099?
8
What is the ten thousands digit of 30910?
3
What is the units digit of 297175?
5
What is the thousands digit of 267897?
7
What is the hundreds digit of 41251?
2
What is the units digit of 43298621?
1
What is the thousands digit of 518960?
8
What is the hundred thousands digit of 260553?
2
What is the tens digit of 79833?
3
What is the hundreds digit of 3523830?
8
What is the ten thousands digit of 108679?
0
What is the tens digit of 73223?
2
What is the millions digit of 1611742?
1
What is the units digit of 25175265?
5
What is the hundred thousands digit of 208431?
2
What is the thousands digit of 88324?
8
What is the tens digit of 5961421?
2
What is the tens digit of 1187758?
5
What is the hundreds digit of 244465?
4
What is the ten thousands digit of 213638?
1
What is the millions digit of 3913054?
3
What is the hundreds digit of 652399?
3
What is the hundred thousands digit of 3907126?
9
What is the hundreds digit of 4560427?
4
What is the hundreds digit of 31911105?
1
What is the millions digit of 14221965?
4
What is the units digit of 728042?
2
What is the tens digit of 24923?
2
What is the units digit of 41040790?
0
What is the hundreds digit of 80553?
5
What is the hundred thousands digit of 1955529?
9
What is the units digit of 2964978?
8
What is the millions digit of 18814190?
8
What is the units digit of 577199?
9
What is the units digit of 692063?
3
What is the tens digit of 1579875?
7
What is the thousands digit of 959796?
9
What is the units digit of 1682969?
9
What is the tens digit of 28577186?
8
What is the ten thousands digit of 141174?
4
What is the units digit of 993371?
1
What is the units digit of 14262907?
7
What is the tens digit of 532064?
6
What is the ten thousands digit of 558071?
5
What is the hundred thousands digit of 8425274?
4
What is the tens digit of 322024?
2
What is the millions digit of 1018619?
1
What is the units digit of 2735137?
7
What is the tens digit of 67468?
6
What is the thousands digit of 149604?
9
What is the thousands digit of 170956?
0
What is the thousands digit of 818682?
8
What is the tens digit of 3526215?
1
What is the ten thousands digit of 322208?
2
What is the ten thousands digit of 712489?
1
What is the millions digit of 10031885?
0
What is the hundreds digit of 513149?
1
What is the thousands digit of 1580046?
0
What is the units digit of 973329?
9
What is the thousands digit of 438483?
8
What is the hundred thousands digit of 149189?
1
What is the hundreds digit of 270651?
6
What is the ten thousands digit of 588361?
8
What is the units digit of 161153?
3
What is the tens digit of 10615079?
7
What is the hundreds digit of 190440?
4
What is the hundred thousands digit of 151523?
1
What is the hundred thousands digit of 1101445?
1
What is the ten thousands digit of 7180989?
8
What is the hundreds digit of 330489?
4
What is the hundred thousands digit of 199744?
1
What is the millions digit of 2674764?
2
What is the thousands digit of 225775?
5
What is the hundreds digit of 22665?
6
What is the millions digit of 9502805?
9
What is the units digit of 2167384?
4
What is the hundred thousands digit of 127416?
1
What is the tens digit of 659388?
8
What is the thousands digit of 1962721?
2
What is the units digit of 5732?
2
What is the units digit of 43221?
1
What is the ten thousands digit of 899079?
9
What is the hundred thousands digit of 651275?
6
What is the ten thousands digit of 19026369?
2
What is the thousands digit of 2653938?
3
What is the hundred thousands digit of 2021216?
0
What is the ten thousands digit of 28640?
2
What is the tens digit of 304784?
8
What is the hundred thousands digit of 117993?
1
What is the ten millions digit of 25364171?
2
What is the tens digit of 9441008?
0
What is the ten thousands digit of 183940?
8
What is the thousands digit of 2348308?
8
What is the units digit of 155736?
6
What is the tens digit of 2784012?
1
What is the hundreds digit of 3057846?
8
What is the tens digit of 360873?
7
What is the tens digit of 78471?
7
What is the tens digit of 271253?
5
What is the hundred thousands digit of 263132?
2
What is the hundred thousands digit of 11586792?
5
What is the units digit of 3196987?
7
What is the thousands digit of 389182?
9
What is the millions digit of 3368140?
3
What is the tens digit of 4677927?
2
What is the hundred thousands digit of 1722299?
7
What is the millions digit of 2958260?
2
What is the units digit of 763383?
3
What is the millions digit of 17037102?
7
What is the ten thousands digit of 1224440?
2
What is the units digit of 23003?
3
What is the hundreds digit of 112605?
6
What is the thousands digit of 10698752?
8
What is the hundreds digit of 442162?
1
What is the units digit of 60495?
5
What is the ten thousands digit of 139208?
3
What is the thousands digit of 508253?
8
What is the ten thousands digit of 176654?
7
What is the units digit of 11663659?
9
What is the ten thousands digit of 538471?
3
What is the ten thousands digit of 22538?
2
What is the units digit of 144542?
2
What is the tens digit of 813541?
4
What is the thousands digit of 572023?
2
What is the thousands digit of 401145?
1
What is the hundreds digit of 229874?
8
What is the hundred thousands digit of 27978230?
9
What is the hundred thousands digit of 3475123?
4
What is the hundreds digit of 3006902?
9
What is the hundred thousands digit of 2197640?
1
What is the ten millions digit of 14825006?
1
What is the units digit of 395105?
5
What is the thousands digit of 196471?
6
What is the thousands digit of 199290?
9
What is the hundred thousands digit of 631880?
6
What is the tens digit of 2050761?
6
What is the units digit of 6109402?
2
What is the thousands digit of 97842?
7
What is the units digit of 468292?
2
What is the hundred thousands digit of 1089052?
0
What is the hundred thousands digit of 11064745?
0
What is the units digit of 67728?
8
What is the hundreds digit of 192018?
0
What is the millions digit of 2115971?
2
What is the tens digit of 2734803?
0
What is the millions digit of 2322013?
2
What is the millions digit of 7696116?
7
What is the thousands digit of 3525642?
5
What is the tens digit of 1816521?
2
What is the thousands digit of 141040?
1
What is the units digit of 2494?
4
What is the hundreds digit of 1565103?
1
What is the ten thousands digit of 373133?
7
What is the ten thousands digit of 63880?
6
What is the hundred thousands digit of 478516?
4
What is the hundred thousands digit of 686776?
6
What is the millions digit of 1443398?
1
What is the tens digit of 105370?
7
What is the units digit of 331661?
1
What is the ten thousands digit of 26941967?
4
What is the ten thousands digit of 112590?
1
What is the units digit of 1976267?
7
What is the hundreds digit of 3214?
2
What is the millions digit of 11